1
What are the prime factors of 207708?
2, 3, 19, 911
List the prime factors of 426.
2, 3, 71
List the prime factors of 1494.
2, 3, 83
What are the prime factors of 58355?
5, 11, 1061
List the prime factors of 41.
41
What are the prime factors of 7589?
7589
List the prime factors of 5298.
2, 3, 883
What are the prime factors of 86?
2, 43
List the prime factors of 4697.
7, 11, 61
What are the prime factors of 70633?
23, 37, 83
List the prime factors of 5564.
2, 13, 107
List the prime factors of 195.
3, 5, 13
What are the prime factors of 51387?
3, 7, 2447
What are the prime factors of 9565?
5, 1913
What are the prime factors of 4002?
2, 3, 23, 29
List the prime factors of 3541.
3541
List the prime factors of 5083.
13, 17, 23
List the prime factors of 876.
2, 3, 73
List the prime factors of 870.
2, 3, 5, 29
What are the prime factors of 80022?
2, 3, 13337
List the prime factors of 5449.
5449
List the prime factors of 21698.
2, 19, 571
What are the prime factors of 62?
2, 31
What are the prime factors of 108837?
3, 29, 139
List the prime factors of 13347.
3, 1483
List the prime factors of 503.
503
List the prime factors of 353.
353
What are the prime factors of 18533?
43, 431
What are the prime factors of 212?
2, 53
List the prime factors of 3363.
3, 19, 59
What are the prime factors of 805?
5, 7, 23
List the prime factors of 2298.
2, 3, 383
List the prime factors of 8462.
2, 4231
What are the prime factors of 17221?
17, 1013
What are the prime factors of 4465?
5, 19, 47
What are the prime factors of 78087?
3, 26029
What are the prime factors of 10696?
2, 7, 191
List the prime factors of 38464.
2, 601
List the prime factors of 25143.
3, 17, 29
What are the prime factors of 3091?
11, 281
List the prime factors of 20237.
7, 59
What are the prime factors of 16245?
3, 5, 19
List the prime factors of 39812.
2, 37, 269
What are the prime factors of 121172?
2, 30293
What are the prime factors of 19658?
2, 9829
List the prime factors of 1474.
2, 11, 67
What are the prime factors of 465?
3, 5, 31
List the prime factors of 21337.
19, 1123
List the prime factors of 108970.
2, 5, 17, 641
What are the prime factors of 492?
2, 3, 41
What are the prime factors of 3254?
2, 1627
What are the prime factors of 3919?
3919
List the prime factors of 6294.
2, 3, 1049
List the prime factors of 21877.
131, 167
What are the prime factors of 2800?
2, 5, 7
What are the prime factors of 82702?
2, 41351
List the prime factors of 212.
2, 53
What are the prime factors of 3005?
5, 601
List the prime factors of 1580.
2, 5, 79
List the prime factors of 6393.
3, 2131
What are the prime factors of 57516?
2, 3, 4793
List the prime factors of 17425.
5, 17, 41
List the prime factors of 2432.
2, 19
List the prime factors of 46871.
11, 4261
What are the prime factors of 86210?
2, 5, 37, 233
What are the prime factors of 2960?
2, 5, 37
List the prime factors of 525.
3, 5, 7
What are the prime factors of 257?
257
What are the prime factors of 9558?
2, 3, 59
List the prime factors of 2616.
2, 3, 109
List the prime factors of 106.
2, 53
List the prime factors of 785.
5, 157
List the prime factors of 18560.
2, 5, 29
List the prime factors of 18666.
2, 3, 17, 61
List the prime factors of 1859.
11, 13
What are the prime factors of 162909?
3, 23, 787
What are the prime factors of 3714?
2, 3, 619
List the prime factors of 4100.
2, 5, 41
List the prime factors of 3839.
11, 349
List the prime factors of 8053.
8053
List the prime factors of 133404.
2, 3, 11117
What are the prime factors of 1918?
2, 7, 137
What are the prime factors of 142?
2, 71
List the prime factors of 1431.
3, 53
What are the prime factors of 4213?
11, 383
What are the prime factors of 87131?
11, 89
What are the prime factors of 1006?
2, 503
List the prime factors of 3797.
3797
List the prime factors of 105.
3, 5, 7
List the prime factors of 104167.
7, 23, 647
What are the prime factors of 10451?
7, 1493
List the prime factors of 20167.
7, 43, 67
What are the prime factors of 2817?
3, 313
List the prime factors of 83269.
83269
List the prime factors of 212.
2, 53
What are the prime factors of 6?
2, 3
List the prime factors of 1750.
2, 5, 7
List the prime factors of 14457.
3, 61, 79
What are the prime factors of 3233?
53, 61
What are the prime factors of 3083?
3083
What are the prime factors of 13517?
7, 1931
What are the prime factors of 4522?
2, 7, 17, 19
What are the prime factors of 2352?
2, 3, 7
List the prime factors of 6806.
2, 41, 83
List the prime factors of 9704.
2, 1213
List the prime factors of 437.
19, 23
List the prime factors of 52677.
3, 1951
What are the prime factors of 14275?
5, 571
What are the prime factors of 11864?
2, 1483
List the prime factors of 15542.
2, 19, 409
What are the prime factors of 15453?
3, 17, 101
What are the prime factors of 1732?
2, 433
What are the prime factors of 620?
2, 5, 31
What are the prime factors of 2452?
2, 613
List the prime factors of 32004.
2, 3, 7, 127
List the prime factors of 1022.
2, 7, 73
What are the prime factors of 12122?
2, 11, 19, 29
List the prime factors of 11.
11
List the prime factors of 1177.
11, 107
What are the prime factors of 8071?
7, 1153
List the prime factors of 169.
13
What are the prime factors of 2941?
17, 173
List the prime factors of 24195.
3, 5, 1613
List the prime factors of 6679.
6679
List the prime factors of 930.
2, 3, 5, 31
What are the prime factors of 2057?
11, 17
What are the prime factors of 25113?
3, 11, 761
List the prime factors of 9871.
9871
List the prime factors of 714.
2, 3, 7, 17
What are the prime factors of 33677?
7, 17, 283
What are the prime factors of 93867?
3, 67, 467
List the prime factors of 13254.
2, 3, 47
List the prime factors of 1052.
2, 263
What are the prime factors of 77893?
77893
What are the prime factors of 5571?
3, 619
List the prime factors of 64086.
2, 3, 11, 971
List the prime factors of 28384.
2, 887
List the prime factors of 4800.
2, 3, 5
What are the prime factors of 28380?
2, 3, 5, 11, 43
What are the prime factors of 24514?
2, 7, 17, 103
What are the prime factors of 6668?
2, 1667
List the prime factors of 9995.
5, 1999
List the prime factors of 32092.
2, 71, 113
What are the prime factors of 17413?
11, 1583
List the prime factors of 750.
2, 3, 5
What are the prime factors of 39678?
2, 3, 17, 389
What are the prime factors of 2867?
47, 61
List the prime factors of 30796.
2, 7699
What are the prime factors of 43759?
43759
List the prime factors of 35479.
17, 2087
What are the prime factors of 89484?
2, 3, 7457
What are the prime factors of 9002?
2, 7, 643
List the prime factors of 79987.
79987
What are the prime factors of 7229?
7229
What are the prime factors of 22493?
83, 271
What are the prime factors of 13155?
3, 5, 877
List the prime factors of 33151.
33151
List the prime factors of 1310.
2, 5, 131
List the prime factors of 14612.
2, 13, 281
List the prime factors of 6638.
2, 3319
What are the prime factors of 480?
2, 3, 5
What are the prime factors of 14856?
2, 3, 619
What are the prime factors of 44313?
3, 14771
What are the prime factors of 2640?
2, 3, 5, 11
What are the prime factors of 13900?
2, 5, 139
List the prime factors of 841.
29
What are the prime factors of 4674?
2, 3, 19, 41
What are the prime factors of 15904?
2, 7, 71
What are the prime factors of 2988?
2, 3, 83
What are the prime factors of 6731?
53, 127
List the prime factors of 6755.
5, 7, 193
List the prime factors of 4783.
4783
List the prime factors of 94076.
2, 29, 811
List the prime factors of 62631.
3, 6959
What are the prime factors of 2454?
2, 3, 409
What are the prime factors of 286?
2, 11, 13
What are the prime factors of 1418?
2, 709
List the prime factors of 997.
997
List the prime factors of 22776.
2, 3, 13, 73
List the prime factors of 2737.
7, 17, 23
List the prime factors of 47169.
3, 1747
What are the prime factors of 89?
89
What are the prime factors of 33370?
2, 5, 47, 71
List the prime factors of 1356.
2, 3, 113
List the prime factors of 2209.
47
What are the prime factors of 7203?
3, 7
What are the prime factors of 4583?
4583
What are the prime factors of 309?
3, 103
What are the prime factors of 9461?
9461
List the prime factors of 966.
2, 3, 7, 23
What are the prime factors of 2947?
7, 421
List the prime 